{"id":6802,"date":"2017-09-10T06:07:42","date_gmt":"2017-09-10T06:07:42","guid":{"rendered":"https:\/\/shotokai.com\/espanol\/?page_id=6802"},"modified":"2017-09-18T03:05:18","modified_gmt":"2017-09-18T03:05:18","slug":"master-gichin-funakoshi-creador-del-karate-2","status":"publish","type":"page","link":"https:\/\/shotokai.com\/espanol\/master-gichin-funakoshi-creador-del-karate-2\/","title":{"rendered":"Master Gichin Funakoshi, creador del Karate-do"},"content":{"rendered":"<p>[vc_row][vc_column width=&#8221;2\/3&#8243;][vc_column_text]GICHIN FUNAKOSHI SENSEI<\/p>\n<p>Es famoso mundialmente como el padre del <a href=\"https:\/\/shotokai.com\/espanol\/descricin-del-karate-dobudo\/\">Karate Moderno<\/a>. Naci\u00f3 en Shuri, Okinawa en 1868, estudi\u00f3 Karate-do desde su infancia, organiz\u00f3 las primeras exhibiciones p\u00fablicas y, como presidente de la Asociaci\u00f3n Okinawense para el Esp\u00edritu de las Artes Marciales, fue elegido para mostrar el Karate en la primera Exhibici\u00f3n Nacional Atl\u00e9tica, en Tokio 1922. Radic\u00e1ndose en Tokio, fue hasta su muerte a la edad de 88 a\u00f1os, presidente de la Shotokai, de la cual fue un fundador.[\/vc_column_text][\/vc_column][vc_column width=&#8221;1\/3&#8243;][vc_single_image image=&#8221;7389&#8243; img_size=&#8221;full&#8221;][\/vc_column][\/vc_row]<\/p>\n","protected":false},"excerpt":{"rendered":"<p>[vc_row][vc_column width=&#8221;2\/3&#8243;][vc_column_text]GICHIN FUNAKOSHI SENSEI Es famoso mundialmente como el padre del Karate Moderno. Naci\u00f3 en Shuri, Okinawa en 1868, estudi\u00f3 Karate-do desde su infancia, organiz\u00f3 las<span class=\"excerpt-hellip\"> [\u2026]<\/span><\/p>\n","protected":false},"author":1,"featured_media":0,"parent":0,"menu_order":0,"comment_status":"closed","ping_status":"closed","template":"","meta":{"footnotes":""},"class_list":["post-6802","page","type-page","status-publish","hentry"],"_links":{"self":[{"href":"https:\/\/shotokai.com\/espanol\/wp-json\/wp\/v2\/pages\/6802","targetHints":{"allow":["GET"]}}],"collection":[{"href":"https:\/\/shotokai.com\/espanol\/wp-json\/wp\/v2\/pages"}],"about":[{"href":"https:\/\/shotokai.com\/espanol\/wp-json\/wp\/v2\/types\/page"}],"author":[{"embeddable":true,"href":"https:\/\/shotokai.com\/espanol\/wp-json\/wp\/v2\/users\/1"}],"replies":[{"embeddable":true,"href":"https:\/\/shotokai.com\/espanol\/wp-json\/wp\/v2\/comments?post=6802"}],"version-history":[{"count":3,"href":"https:\/\/shotokai.com\/espanol\/wp-json\/wp\/v2\/pages\/6802\/revisions"}],"predecessor-version":[{"id":7464,"href":"https:\/\/shotokai.com\/espanol\/wp-json\/wp\/v2\/pages\/6802\/revisions\/7464"}],"wp:attachment":[{"href":"https:\/\/shotokai.com\/espanol\/wp-json\/wp\/v2\/media?parent=6802"}],"curies":[{"name":"wp","href":"https:\/\/api.w.org\/{rel}","templated":true}]}}