{"id":7308,"date":"2017-09-12T11:01:51","date_gmt":"2017-09-12T11:01:51","guid":{"rendered":"https:\/\/shotokai.com\/espanol\/?page_id=7308"},"modified":"2017-09-12T11:01:51","modified_gmt":"2017-09-12T11:01:51","slug":"variantes-de-tsuki","status":"publish","type":"page","link":"https:\/\/shotokai.com\/espanol\/variantes-de-tsuki\/","title":{"rendered":"VARIANTES DE TSUKI"},"content":{"rendered":"<p>[vc_row][vc_column][vc_column_text]<\/p>\n<h3>OTROS TIPOS DE GOLPES (TSUKI), ENTRENAMIENTO Y MAKIWARA<\/h3>\n<h2>KIZAMI ZUKI (DIRECTO DE PERCUSI\u00d3N)<\/h2>\n<p>Realizado, normalmente, utilizando el brazo adelantado, basa su eficacia en el sentido de percusi\u00f3n originado por la extensi\u00f3n y retroceso del codo, as\u00ed como en el giro inverso, hacia atr\u00e1s, de la cadera, que se sit\u00faa de costado. Aunque gracias al impulso del pie de atr\u00e1s posee validez por s\u00ed solo, muchas veces se utiliza como finta o enga\u00f1o con el fin de levantar la guardia y marcar abajo con otra t\u00e9cnica.<\/p>\n<p>&nbsp;<\/p>\n<h2>VARIANTES DEL TSUKI<\/h2>\n<p>&nbsp;<\/p>\n<h3>Mawashi zuki (directo circular)<\/h3>\n<p>El movimiento es semicircular y el codo se despega en este caso del cuerpo, acompa\u00f1ando al giro de la cadera. El pu\u00f1o que sale con el dorso mirando al suelo gira hasta situar el dedo me\u00f1ique mirando hacia arriba, la base del impacto es la parte frontal de los kentos (nudillos).<\/p>\n<h3>Age zuki (directo ascendente)<\/h3>\n<p>El giro de la mu\u00f1eca se adelanta ligeramente, de esta forma el impacto adquiere un sentido ascendente hacia el final, actuando sobre la articulaci\u00f3n del hombro que se eleva.<\/p>\n<h3>Tate zuki (directo vertical).<\/h3>\n<p>El giro de la mu\u00f1eca no finaliza antes del impacto, quedando el pu\u00f1o de forma vertical, con el me\u00f1ique m\u00edrando hacia el suelo.<\/p>\n<p>&nbsp;<\/p>\n<h2>ENTRENAMIENTO DEL GYAKU ZUKI, SHUTO Y URAKEN<\/h2>\n<p>GYAKU ZUKI: Constituye la t\u00e9cnica m\u00e1s utilizada en el makiwara, debiendo tener presente no golpear indiscriminadamente, sino con correcci\u00f3n t\u00e9cnica, teniendo en cuenta los siguientes puntos:<\/p>\n<ol>\n<li>Situarse a la distancia correcta, no demasiado cerca, sino de forma que permita la extensi\u00f3n del brazo hasta el objetivo, fijado como a un pu\u00f1o por detr\u00e1s de la tabla.<\/li>\n<li>Utilizar el giro de la cadera con el cuerpo vertical, no inclin\u00e1ndose al frente sobre \u00e9l.<\/li>\n<li>El movimiento debe tener sentido de profundidad manteniendo el pu\u00f1o contra el makiwara y doblando ligeramente el codo hacia abajo despu\u00e9s del impacto.<\/li>\n<\/ol>\n<p>URAKEN O SHUTO: En el entrenamiento de los ataques indirectos como shuto o uraken debemos tener en cuenta:<\/p>\n<ol>\n<li>Situarse en diagonal al makiwara en posici\u00f3n de kiba dachi. Trasladando el peso al atacar sobre la pierna m\u00e1s pr\u00f3xima a \u00e9ste.<\/li>\n<li>Realizar el movimiento con gran amplitud partiendo el ataque desde el hombro opuesto<\/li>\n<li>Tensar el pecho y ayudarse del hikite para dar mayor velocidad al movimiento.<\/li>\n<\/ol>\n<p>&nbsp;<\/p>\n<h2>MAKIWARA<\/h2>\n<p>Recibe este nombre uno de los elementos m\u00e1s caracter\u00edsticos del entrenamiento del karate, aunque en la actualidad haya ca\u00eddo bastante en desuso por el car\u00e1cter deportivo que va adquiriendo este arte marcial.<\/p>\n<p>El material que lo constituye es una tabla de madera dura y flexible, clavada al suelo, o adosada a la pared, y a la que se fija una especie de almohadillado de paja, esparto o goma dura, contra la cual se golpea.<\/p>\n<p>El objetivo de la utilizaci\u00f3n es aprender a concentrar la fuerza en el momento del impacto a la vez que endurecer el \u00e1rea con la que se ataca.[\/vc_column_text][\/vc_column][\/vc_row]<\/p>\n","protected":false},"excerpt":{"rendered":"<p>[vc_row][vc_column][vc_column_text] OTROS TIPOS DE GOLPES (TSUKI), ENTRENAMIENTO Y MAKIWARA KIZAMI ZUKI (DIRECTO DE PERCUSI\u00d3N) Realizado, normalmente, utilizando el brazo adelantado, basa su eficacia en el sentido<span class=\"excerpt-hellip\"> [\u2026]<\/span><\/p>\n","protected":false},"author":1,"featured_media":0,"parent":0,"menu_order":0,"comment_status":"closed","ping_status":"closed","template":"","meta":{"footnotes":""},"class_list":["post-7308","page","type-page","status-publish","hentry"],"_links":{"self":[{"href":"https:\/\/shotokai.com\/espanol\/wp-json\/wp\/v2\/pages\/7308","targetHints":{"allow":["GET"]}}],"collection":[{"href":"https:\/\/shotokai.com\/espanol\/wp-json\/wp\/v2\/pages"}],"about":[{"href":"https:\/\/shotokai.com\/espanol\/wp-json\/wp\/v2\/types\/page"}],"author":[{"embeddable":true,"href":"https:\/\/shotokai.com\/espanol\/wp-json\/wp\/v2\/users\/1"}],"replies":[{"embeddable":true,"href":"https:\/\/shotokai.com\/espanol\/wp-json\/wp\/v2\/comments?post=7308"}],"version-history":[{"count":1,"href":"https:\/\/shotokai.com\/espanol\/wp-json\/wp\/v2\/pages\/7308\/revisions"}],"predecessor-version":[{"id":7309,"href":"https:\/\/shotokai.com\/espanol\/wp-json\/wp\/v2\/pages\/7308\/revisions\/7309"}],"wp:attachment":[{"href":"https:\/\/shotokai.com\/espanol\/wp-json\/wp\/v2\/media?parent=7308"}],"curies":[{"name":"wp","href":"https:\/\/api.w.org\/{rel}","templated":true}]}}