{"id":7538,"date":"2017-09-18T07:46:37","date_gmt":"2017-09-18T07:46:37","guid":{"rendered":"https:\/\/shotokai.com\/espanol\/?page_id=7538"},"modified":"2017-09-18T07:46:37","modified_gmt":"2017-09-18T07:46:37","slug":"el-codigo-bushido","status":"publish","type":"page","link":"https:\/\/shotokai.com\/espanol\/el-codigo-bushido\/","title":{"rendered":"EL CODIGO BUSHIDO"},"content":{"rendered":"<p>[vc_row][vc_column width=&#8221;2\/3&#8243;][vc_column_text]<\/p>\n<h1><span style=\"font-family: Verdana, Arial, Helvetica, sans-serif, 'Courier New';\">EL CODIGO BUSHIDO<\/span><\/h1>\n<h2><span style=\"font-family: Verdana, Arial, Helvetica, sans-serif, 'Courier New';\">Por Bryn Williams<\/span><\/h2>\n<p><span style=\"font-family: Verdana, Arial, Helvetica, sans-serif, 'Courier New';\"><i>&#8220;Quienes se aferran a la vida mueren, quienes desaf\u00edan a la muerte sobreviven&#8221;<br \/>\n<b>Uyesugi Kenshin (siglo XVI)<\/b><\/i><\/span><\/p>\n<p><span style=\"font-family: Verdana, Arial, Helvetica, sans-serif, 'Courier New';\">Aunque el karate moderno se ha desarrollado en el siglo XX, derivado de Okinawa, actualmente ha sido influido fuertemente por la psicolog\u00eda de las artes marciales japonesas, con los or\u00edgenes y actitudes feudales de tales artes. Por lo tanto, es dif\u00edcil, si no es que imposible, comprenderlo ampliamente sin conocer algo relacionado con esa cultura. El prop\u00f3sito de este cap\u00edtulo es describir esa cultura en lo que sea pertinente para el estudio del karate.\u00a0<\/span>[\/vc_column_text][\/vc_column][vc_column width=&#8221;1\/3&#8243;][vc_single_image image=&#8221;7540&#8243; img_size=&#8221;full&#8221;][\/vc_column][\/vc_row][vc_row][vc_column][vc_column_text]Con la apertura<b>\u00a0<\/b>de Jap\u00f3n al comercio occidental en<b>\u00a0<\/b>1853, forzada por el poder\u00edo naval estadounidense y el final consecuente del feudalismo, los\u00a0<i>Samur\u00e1is,\u00a0<\/i>o clase guerrera, que eran casi 2 000 000 dentro de una poblaci\u00f3n aproximada de 30 000 000, se convirtieron en un anacronismo y a pesar de sostener varias rebeliones, fueron erradicados. No obstante su desaparici\u00f3n como clase social, toda la literatura, el arte y la cultura japoneses estaban influenciados profundamente por las tradiciones de los\u00a0<i>Samur\u00e1is, y\u00a0<\/i>su esp\u00edritu a\u00fan sobrevive y se manifiesta en diversidad de formas. Una de ellas, mas no la menor es en las artes marciales, incluyendo el karate; asimismo lo encontramos en la psicologia que motiv\u00f3 a los\u00a0<i>Kamikaze,\u00a0<\/i>o pilotos suicidas de la Segunda Guerra Mundial, la supervivencia en la selva y la prolongada resistencia de 29 a\u00f1os despu\u00e9s de la guerra de los soldados japoneses ultranacionalistas (como el teniente Onoda en las Filipinas), y en las pol\u00edticas econ\u00f3micas postb\u00e9licas de Jap\u00f3n. Muchos japoneses todav\u00eda a\u00f1oran el periodo feudal como una \u00e9poca heroica y rom\u00e1ntica en la que el\u00a0<i>Samurai\u00a0<\/i>representaba la figura heroica.[\/vc_column_text][\/vc_column][\/vc_row][vc_row][vc_column width=&#8221;2\/3&#8243;][vc_column_text]<span style=\"font-family: Verdana, Arial, Helvetica, sans-serif, 'Courier New';\">Por lo tanto, para comprender el karate es necesario apreciar el esp\u00edritu de los\u00a0<i>Samur\u00e1is\u00a0<\/i>que a\u00fan motiva a muchos de los\u00a0<i>karatekas\u00a0<\/i>m\u00e1s grandes del mundo. Por supuesto, esto no significa que dicho esp\u00edritu mueva a la mayor\u00eda de los\u00a0<i>karatekas\u00a0<\/i>occidentales, o nipones en todo caso. Muchos de los occidentales en particular lo tratan \u00fanicamente como un m\u00e9todo de combate o defensa propia y s\u00f3lo est\u00e1n conscientes de modo vago de la que podr\u00eda llamarse filosof\u00eda impl\u00edcita.<\/span><\/p>\n<p><span style=\"font-family: Verdana, Arial, Helvetica, sans-serif, 'Courier New';\">El periodo feudal japon\u00e9s dur\u00f3 de fines del siglo XII a mediados del XIX y es comparable en muchos aspectos al periodo feudal europeo. Ambos mantuvieron r\u00edgidas estructuras jer\u00e1rquicas de clase y un estricto c\u00f3digo \u00e9tico para la clase guerrera. Este c\u00f3digo fue conocido en Jap\u00f3n como\u00a0<i>Bushido,<\/i>\u00a0que traducido literalmente significa &#8220;Modos Militares del Caballero&#8221;, o c\u00f3digo de conducta apropiado para un caballero guerrero. En el v\u00e9rtice de la pir\u00e1mide social estaba el Emperador o &#8220;Hijo del Cielo&#8221;, quien fue adorado hasta 1945 como un dios viviente; pero no tuvo ninguna intervenci\u00f3n pr\u00e1ctica en los asuntos de Estado durante la mayor parte del periodo feudal. Su funci\u00f3n principal resid\u00eda en promover la cultura y el arte recatado de la vida cortesana, la arquitectura, la jardiner\u00eda ornamental, la poes\u00eda y las muchachas geishas, para todos los cuales se aplicaban reglas estrictas. El poder pol\u00edtico resid\u00eda en manos del shogun o &#8221;General&#8221; quien personificaba al Dios de la tormenta o padre espiritual de los\u00a0<i>Samur\u00e1is.\u00a0<\/i>Sus poderes eran una combinaci\u00f3n de los de un primer ministro y los de un caudillo militar contempor\u00e1neo. Abajo de los Shogun estaban los\u00a0<i>daimyo o\u00a0<\/i>nobles de la corte, cada quien con s\u00e9quito de asistentes o guardias\u00a0<i>(Bushi o Samurai<\/i>) equivalente a un peque\u00f1o ej\u00e9rcito privado. Las dem\u00e1s clases sociales en orden descendientes de importancia, m\u00e1s no necesariamente de riqueza, eran los aldeanos, los artesanos y los comerciantes. Es interesante notar que los comerciantes &#8211; relativamente acaudaladoss eran inferiores en un sentido social a los campesinos y los artesanos, al igual que lo eran los\u00a0<i>Samur\u00e1is<\/i>. Los\u00a0<i>Samur\u00e1is\u00a0<\/i>estaban excluidos del comercio y recib\u00edan su paga del\u00a0<i>Shogun\u00a0<\/i>o del\u00a0<i>daimyo\u00a0<\/i>en forma de arroz, que en a\u00f1os posteriores vend\u00edan generalmente a los mercaderes cuando apareci\u00f3 el dinero como un medio de cambio. Muchos que viv\u00edan en un estado de pobreza empedernida consideraban de mal gusto hablar de dinero o preocuparse demasiado por \u00e9l. A pesar de esto se convirtieron en el ideal de la naci\u00f3n y en uno de los principales temas del arte y la literatura. Si no es que el principal.<\/span>[\/vc_column_text][\/vc_column][vc_column width=&#8221;1\/3&#8243;][vc_single_image image=&#8221;7541&#8243; img_size=&#8221;full&#8221;][\/vc_column][\/vc_row][vc_row][vc_column width=&#8221;2\/3&#8243;][vc_column_text]<\/p>\n<h3><span style=\"font-family: Verdana, Arial, Helvetica, sans-serif, 'Courier New';\">Bushido: El C\u00f3digo Samurai<\/span><\/h3>\n<p><span style=\"font-family: Verdana, Arial, Helvetica, sans-serif, 'Courier New';\">Los criterios respecto al\u00a0<i>Samurai\u00a0<\/i>var\u00edan considerablemente. Para algunos eran feroces peleadores profesionales y asesinos despiadados. En cambio los rom\u00e1nticos los ven como idealistas comparables a los caballeros de las leyendas del rey Arturo. Sin duda la verdad est\u00e1 situada entre los extremos. Ten\u00edan muchos privilegios, no trabajaban y estaban exentos de impuestos. Tambi\u00e9n ten\u00edan el derecho legal de matar al instante a cualquier plebeyo irrespetuoso. Se requer\u00eda l\u00f3gica mente de alg\u00fan c\u00f3digo para evitar el abuso absoluto de esos poderes. Dicho c\u00f3digo, el\u00a0<i>Bushido\u00a0<\/i>aunque nunca fue redactado emergi\u00f3 en el siglo XII.<\/span><\/p>\n<p><span style=\"font-family: Verdana, Arial, Helvetica, sans-serif, 'Courier New';\"><i>Bushido\u00a0<\/i>significa el c\u00f3digo de conducta adecuada para el caballero combatiente. Tiene un notable pare cido al de los caballeros feudales europeos, cuyo periodo hist\u00f3rico tambi\u00e9n es muy semejante. Para vivir de acuerdo con este c\u00f3digo, un\u00a0<i>Samurai\u00a0<\/i>deber\u00eda ser valeroso, honorable, motivado por un deseo de actuar con rectitud y justicia, deber\u00eda ser misericordioso, veraz, cort\u00e9s, leal, poseedor de un gran dominio de s\u00ed mismo<b>\u00a0<\/b>y capaz del autosacrificio.<\/span><\/p>\n<p><span style=\"font-family: Verdana, Arial, Helvetica, sans-serif, 'Courier New';\">En verdad era un c\u00f3digo estricto, que sin duda m\u00e1s de unos cuantos dejaban de cumplir. Sin embargo, seg\u00fan la experiencia del escritor, es notable observar cu\u00e1ntas de estas caracter\u00edsticas todav\u00eda son exhibidas por muchos de los\u00a0<i>karatekas\u00a0<\/i>m\u00e1s grandes del mundo, en particular quienes tienen antecedentes de entrenamiento en Jap\u00f3n. Esto sucede presumiblemente porque fueron entrenados en un medio empapado en las tradiciones subyacentes. Una proporci\u00f3n mucho mayor de\u00a0<i>karatekas\u00a0<\/i>Occidentales son entrenados en una atm\u00f3sfera que pone \u00e9nfasis s\u00f3lo en lo f\u00edsico o incluso en lo comercial. Tal vez esto sea inevitable, ya que es imposible virtualmente transplantar todo un rasgo cultural. Esto ocurre especialmente cuando la instrucci\u00f3n no est\u00e1 en manos de un japon\u00e9s o de alguien entrenado en Jap\u00f3n; o tambi\u00e9n si existe un problema de lenguaje.<\/span><\/p>\n<p><span style=\"font-family: Verdana, Arial, Helvetica, sans-serif, 'Courier New';\">El \u00e9nfasis del\u00a0<i>Bushido<\/i>\u00a0en la virtud militar de la bravura es inevitable y no requiere mayor discusi\u00f3n. No obstantes est\u00e1 ligado de modo estrecho con la virtud del honor, que a\u00fan es una poderosa fuerza motivadora en el moderno Jap\u00f3n. Con el reciente y fenomenal desarrollo econ\u00f3mico del Jap\u00f3n, los occidentales pueden creer que la motivaci\u00f3n principal de ese pa\u00eds es el dinero. Esto no suced\u00eda en el Jap\u00f3n feudal y si hoy sucede es por un motivo yuxtapuesto al del honor. La apertura forzada de ese pa\u00eds al comercio occidental en 1853, signific\u00f3 una gran humillaci\u00f3n para los japoneses, y con objeto de recuperar su prestigio (honor) necesitar\u00e1n vencer a Occidente en su propio juego. De all\u00ed la revoluci\u00f3n social, la abolici\u00f3n del shogunato y de los\u00a0<i>Samurai\u00a0<\/i>que no hab\u00edan podido rechazar a los b\u00e1rbaros y la importancia que le dan al poder econ\u00f3mico e industrial lo mismo que al militar. Fue simplemente el esp\u00edritu\u00a0<i>Bushido\u00a0<\/i>adaptado a circunstancias modernas. E1 honor y el respeto propio fueron los motivos primarios, y la riqueza se consideraba en un lugar muy secundario; aunque sin duda, ahora se ha transformado en un s\u00edmboio del \u00e9xito y por lo tanto en una prueba de la recuperaci\u00f3n del prestigio. Entre los\u00a0<i>karatekas\u00a0<\/i>m\u00e1s grandes del mundo, el honor y la fama siguen siendo la mayor fuerza impulsora, pero como es tan grande la demanda de instructores de karate, se suscitan inevitablemente fuertes intereses financieros. Como el c\u00f3digo feudal occidental de caballeria est\u00e1 muerto y enterrado hace mucho tiempo, tal vez sea il\u00f3gico pensar que los japoneses sigan adhiri\u00e9ndose a sus principios de\u00a0<i>Bushido<\/i>\u00a0por m\u00e1s de un siglo desde el derrumbamiento de su\u00a0<i>raison d&#8217; etre<\/i>esencial. En tal caso, es una gran l\u00e1stima. Es de esperarse que estos\u00a0<i>Samur\u00e1is<\/i>\u00a0de nuestros d\u00edas sigan coincidiendo con sus antepasados\u00a0<i>Samur\u00e1is,<\/i>\u00a0para muchos de los cuales la p\u00e9rdida de honor conduc\u00eda al\u00a0<i>Seppuku (Hara- kiri)<\/i>ritual, que se\u00f1ala:<\/span><\/p>\n<p><span style=\"font-family: Verdana, Arial, Helvetica, sans-serif, 'Courier New';\">&#8220;Cuando se pierde el honor, es un alivio morir; la muerte no es sino un retiro seguro de la infamia&#8221;.<\/span><\/p>\n<p><span style=\"font-family: Verdana, Arial, Helvetica, sans-serif, 'Courier New';\">Tenemos la esperanza al igual que el profesor Nitobe, de que &#8220;el\u00a0<i>Bushido\u00a0<\/i>puede desaparecer como un c\u00f3digo independiente de \u00e9tica; pero no as\u00ed su poder sobre la tierra; sus escuelas de proezas marciales u honor c\u00edvico pueden ser derruidas; mas su lucha y su gloria sobrevivir\u00e1n por mucho tiempo a sus ruinas&#8221;.<\/span>[\/vc_column_text][\/vc_column][vc_column width=&#8221;1\/3&#8243;][vc_single_image image=&#8221;7537&#8243; img_size=&#8221;full&#8221;][\/vc_column][\/vc_row]<\/p>\n","protected":false},"excerpt":{"rendered":"<p>[vc_row][vc_column width=&#8221;2\/3&#8243;][vc_column_text] EL CODIGO BUSHIDO Por Bryn Williams &#8220;Quienes se aferran a la vida mueren, quienes desaf\u00edan a la muerte sobreviven&#8221; Uyesugi Kenshin (siglo XVI) Aunque<span class=\"excerpt-hellip\"> [\u2026]<\/span><\/p>\n","protected":false},"author":1,"featured_media":0,"parent":0,"menu_order":0,"comment_status":"closed","ping_status":"closed","template":"","meta":{"footnotes":""},"class_list":["post-7538","page","type-page","status-publish","hentry"],"_links":{"self":[{"href":"https:\/\/shotokai.com\/espanol\/wp-json\/wp\/v2\/pages\/7538","targetHints":{"allow":["GET"]}}],"collection":[{"href":"https:\/\/shotokai.com\/espanol\/wp-json\/wp\/v2\/pages"}],"about":[{"href":"https:\/\/shotokai.com\/espanol\/wp-json\/wp\/v2\/types\/page"}],"author":[{"embeddable":true,"href":"https:\/\/shotokai.com\/espanol\/wp-json\/wp\/v2\/users\/1"}],"replies":[{"embeddable":true,"href":"https:\/\/shotokai.com\/espanol\/wp-json\/wp\/v2\/comments?post=7538"}],"version-history":[{"count":1,"href":"https:\/\/shotokai.com\/espanol\/wp-json\/wp\/v2\/pages\/7538\/revisions"}],"predecessor-version":[{"id":7542,"href":"https:\/\/shotokai.com\/espanol\/wp-json\/wp\/v2\/pages\/7538\/revisions\/7542"}],"wp:attachment":[{"href":"https:\/\/shotokai.com\/espanol\/wp-json\/wp\/v2\/media?parent=7538"}],"curies":[{"name":"wp","href":"https:\/\/api.w.org\/{rel}","templated":true}]}}