{"id":8201,"date":"2017-10-05T08:58:15","date_gmt":"2017-10-05T08:58:15","guid":{"rendered":"https:\/\/shotokai.com\/espanol\/?page_id=8201"},"modified":"2017-10-05T09:03:29","modified_gmt":"2017-10-05T09:03:29","slug":"historia-de-karate-incluyendo-historia-del-karate-de-o-sensei-gichin-funakoshi-parte-2","status":"publish","type":"page","link":"https:\/\/shotokai.com\/espanol\/historia-de-karate-incluyendo-historia-del-karate-de-o-sensei-gichin-funakoshi-parte-2\/","title":{"rendered":"Historia de Karate &#8211; incluyendo historia del Karate-do de O-sensei Gichin Funakoshi (Parte 2)"},"content":{"rendered":"<p>[vc_row][vc_column][vc_column_text]<\/p>\n<p>&nbsp;<\/p>\n<h1><span style=\"font-family: Verdana, Arial, Helvetica, sans-serif, 'Courier New';\">Historia del Karate<\/span><\/h1>\n<h2><span style=\"font-family: Verdana, Arial, Helvetica, sans-serif, 'Courier New';\">Incluye historia del Karate-do de O-sensei Gichin Funakoshi<\/span><\/h2>\n<p>&nbsp;<\/p>\n<h3><span style=\"font-family: Verdana, Arial, Helvetica, sans-serif, 'Courier New';\">Parte 2 de 3<\/span><\/h3>\n<p>[\/vc_column_text][\/vc_column][\/vc_row][vc_row][vc_column width=&#8221;2\/3&#8243;][vc_column_text]<span style=\"font-family: Verdana, Arial, Helvetica, sans-serif, 'Courier New';\">Con la prohibici\u00f3n de las armas, la pr\u00e1ctica de m\u00e9todos de combate sin armas se vio r\u00e1pidamente envuelto en el secreto, pues, comprensiblemente, los locales no quer\u00edan que se supiera de la existencia de estos m\u00e9todos.<\/span><\/p>\n<p><span style=\"font-family: Verdana, Arial, Helvetica, sans-serif, 'Courier New';\">La pr\u00e1ctica de no revelar los principios de su arte a extranjeros no era s\u00f3lo caracter\u00edstica del karate; tambi\u00e9n se dio en kendo y otras artes marciales tambi\u00e9n. Pero no exist\u00eda comparaci\u00f3n con las grandes precauciones que se tomaron en Ryukyus, donde tambi\u00e9n existi\u00f3 una prohibici\u00f3n de mantener registros escritos. En el periodo Meiji (1868-1912), cuando ya no exist\u00eda la necesidad de reserva, la tradici\u00f3n de siglos de secreto se mantuvo.<\/span>[\/vc_column_text][\/vc_column][vc_column width=&#8221;1\/3&#8243;][vc_single_image image=&#8221;8203&#8243; img_size=&#8221;full&#8221;][\/vc_column][\/vc_row][vc_row][vc_column][vc_column_text]<span style=\"font-family: Verdana, Arial, Helvetica, sans-serif, 'Courier New';\">Debido a la falta de registros escritos, se sabe virtualmente nada sobre los creadores del karate y c\u00f3mo fue transmitido. Lo que se sabe en la actualidad es gracias a la transmisi\u00f3n oral y por lo mismo es exasperantemente vaga. Tratar de generar algo claro es como tratar de agarrar una nube.<\/span><\/p>\n<p><span style=\"font-family: Verdana, Arial, Helvetica, sans-serif, 'Courier New';\">Nadie hac\u00eda de karate su profesi\u00f3n, por ello se descuid\u00f3 la tradici\u00f3n hist\u00f3rica. Aquellos que ense\u00f1aban karate, lo hac\u00edan debido a inter\u00e9s personal y aquellos que estudiaban karate, lo hac\u00edan s\u00f3lo porque les gustaba. Cuando el\u00a0<a href=\"https:\/\/shotokai.com\/espanol\/master-gichin-funakoshi-shotokai-karate-budo\/\">Maestro Funakoshi<\/a>\u00a0estudi\u00f3 bajo la tutela del Maestro Azato, que se consideraba uno de los m\u00e1s grandes expertos de karate en su tiempo, fue su \u00fanico estudiante; cuando entren\u00f3 con el Maestro Itosu, hab\u00edan muy pocos otros estudiantes.<\/span><\/p>\n<p><span style=\"font-family: Verdana, Arial, Helvetica, sans-serif, 'Courier New';\">No fue hasta que el Maestro Funakoshi lleg\u00f3 a Tokyo, que se empez\u00f3 a utilizar el t\u00e9rmino karate-do por sus estudiantes y por \u00e9l. El t\u00e9rmino karate-do, creado por el Maestro Funakoshi, est\u00e1 formado por tres ideogramas, el primero\u00a0kara, significa: vac\u00edo, lo que implica autodefensa con las manos vac\u00edas, sin armas y tiene adem\u00e1s un significado m\u00e1s profundo (glosario), el segundo\u00a0te, significa mano y finalmente\u00a0do,que significa v\u00eda, camino filos\u00f3fico.<\/span><\/p>\n<p><span style=\"font-family: Verdana, Arial, Helvetica, sans-serif, 'Courier New';\">En 1891 \u00f3 1892, seg\u00fan el Maestro Funakoshi, un profesor de escuela comenz\u00f3 a ense\u00f1ar karate a sus alumnos (que en esos d\u00edas eran de mayor edad). Cuando lleg\u00f3 el tiempo de reclutamiento se observ\u00f3 inmediatamente que aquellos que entrenaban karate estaban en mejor estado f\u00edsico que otros. Posteriormente el maestro Itosu fue invitado a atender una reuni\u00f3n de directores de escuela y hacer una demostraci\u00f3n con sus estudiantes. Quedaron muy impresionados y prontamente se incorpor\u00f3 karate en el programa de educaci\u00f3n f\u00edsica de dos de las mayores escuelas secundarias en Okinawa.<\/span><\/p>\n<p><span style=\"font-family: Verdana, Arial, Helvetica, sans-serif, 'Courier New';\">En mayo del a\u00f1o 1922, el Ministerio de Educaci\u00f3n de Jap\u00f3n realiz\u00f3 la Primera Exhibici\u00f3n de Atletismo. El Maestro Funakoshi, como presidente de la Asociaci\u00f3n de Artes Marciales Okinawenses, fue invitado a participar y mostrar las artes marciales locales a Jap\u00f3n (las islas principales). El maestro prepar\u00f3 material y parti\u00f3 a Jap\u00f3n. Luego de la exhibici\u00f3n, se vio forzado a quedarse por todo el inter\u00e9s mostrado, inicialmente de Kano Jigoro, el gran Maestro de judo, ante el cual, junto con cerca de cien judokas, realiz\u00f3 demostraciones. Este fue el comienzo de una gran cantidad de actividades en Tokyo, que le impidieron volver a Okinawa por mucho tiempo. As\u00ed qued\u00f3 establecido el comienzo del Karate-do, creado a trav\u00e9s de la fusi\u00f3n de las artes marciales Okinawenses y la filosof\u00eda\u00a0Budo\u00a0de las artes marciales japonesas propiamente tales, como el\u00a0kyudo, arte de tiro con arco. En lo a\u00f1os posteriores a la llegada del Maestro Funakoshi a Tokyo, se formaron diferentes estilos, algunos de los cuales fueron introducidos por otros maestros de Okinawa. Cada uno utilizaba sus propias t\u00e9cnicas, kata y m\u00e9todos de entrenamiento que eran guardados celosamente en secreto. La rivalidad entre los grupos fue intensa y la proliferaci\u00f3n de estilos ocasion\u00f3 que el karate fuese fraccionado en forma muy notoria.<\/span>[\/vc_column_text][\/vc_column][\/vc_row][vc_row][vc_column][vc_column_text]<a href=\"https:\/\/shotokai.com\/espanol\/historia-del-karate-parte-3\/\"><br \/>\n<span style=\"font-family: Arial, Helvetica, sans-serif;\">Continuar a la 3ra parte &gt;&gt;<\/span><\/a>[\/vc_column_text][\/vc_column][\/vc_row]<\/p>\n","protected":false},"excerpt":{"rendered":"<p>[vc_row][vc_column][vc_column_text] &nbsp; Historia del Karate Incluye historia del Karate-do de O-sensei Gichin Funakoshi &nbsp; Parte 2 de 3 [\/vc_column_text][\/vc_column][\/vc_row][vc_row][vc_column width=&#8221;2\/3&#8243;][vc_column_text]Con la prohibici\u00f3n de las armas, la<span class=\"excerpt-hellip\"> [\u2026]<\/span><\/p>\n","protected":false},"author":1,"featured_media":0,"parent":0,"menu_order":0,"comment_status":"closed","ping_status":"closed","template":"","meta":{"footnotes":""},"class_list":["post-8201","page","type-page","status-publish","hentry"],"_links":{"self":[{"href":"https:\/\/shotokai.com\/espanol\/wp-json\/wp\/v2\/pages\/8201","targetHints":{"allow":["GET"]}}],"collection":[{"href":"https:\/\/shotokai.com\/espanol\/wp-json\/wp\/v2\/pages"}],"about":[{"href":"https:\/\/shotokai.com\/espanol\/wp-json\/wp\/v2\/types\/page"}],"author":[{"embeddable":true,"href":"https:\/\/shotokai.com\/espanol\/wp-json\/wp\/v2\/users\/1"}],"replies":[{"embeddable":true,"href":"https:\/\/shotokai.com\/espanol\/wp-json\/wp\/v2\/comments?post=8201"}],"version-history":[{"count":3,"href":"https:\/\/shotokai.com\/espanol\/wp-json\/wp\/v2\/pages\/8201\/revisions"}],"predecessor-version":[{"id":8209,"href":"https:\/\/shotokai.com\/espanol\/wp-json\/wp\/v2\/pages\/8201\/revisions\/8209"}],"wp:attachment":[{"href":"https:\/\/shotokai.com\/espanol\/wp-json\/wp\/v2\/media?parent=8201"}],"curies":[{"name":"wp","href":"https:\/\/api.w.org\/{rel}","templated":true}]}}

<p>[vc_row][vc_column][vc_column_text]</p>
<p>&nbsp;</p>
<h1><span style="font-family: Verdana, Arial, Helvetica, sans-serif, 'Courier New';">Historia del Karate</span></h1>
<h2><span style="font-family: Verdana, Arial, Helvetica, sans-serif, 'Courier New';">Incluye historia del Karate-do de O-sensei Gichin Funakoshi</span></h2>
<p>&nbsp;</p>
<h3><span style="font-family: Verdana, Arial, Helvetica, sans-serif, 'Courier New';">Parte 2 de 3</span></h3>
<p>[/vc_column_text][/vc_column][/vc_row][vc_row][vc_column width=&#8221;2/3&#8243;][vc_column_text]<span style="font-family: Verdana, Arial, Helvetica, sans-serif, 'Courier New';">Con la prohibición de las armas, la práctica de métodos de combate sin armas se vio rápidamente envuelto en el secreto, pues, comprensiblemente, los locales no querían que se supiera de la existencia de estos métodos.</span></p>
<p><span style="font-family: Verdana, Arial, Helvetica, sans-serif, 'Courier New';">La práctica de no revelar los principios de su arte a extranjeros no era sólo característica del karate; también se dio en kendo y otras artes marciales también. Pero no existía comparación con las grandes precauciones que se tomaron en Ryukyus, donde también existió una prohibición de mantener registros escritos. En el periodo Meiji (1868-1912), cuando ya no existía la necesidad de reserva, la tradición de siglos de secreto se mantuvo.</span>[/vc_column_text][/vc_column][vc_column width=&#8221;1/3&#8243;][vc_single_image image=&#8221;8203&#8243; img_size=&#8221;full&#8221;][/vc_column][/vc_row][vc_row][vc_column][vc_column_text]<span style="font-family: Verdana, Arial, Helvetica, sans-serif, 'Courier New';">Debido a la falta de registros escritos, se sabe virtualmente nada sobre los creadores del karate y cómo fue transmitido. Lo que se sabe en la actualidad es gracias a la transmisión oral y por lo mismo es exasperantemente vaga. Tratar de generar algo claro es como tratar de agarrar una nube.</span></p>
<p><span style="font-family: Verdana, Arial, Helvetica, sans-serif, 'Courier New';">Nadie hacía de karate su profesión, por ello se descuidó la tradición histórica. Aquellos que enseñaban karate, lo hacían debido a interés personal y aquellos que estudiaban karate, lo hacían sólo porque les gustaba. Cuando el <a href="https://shotokai.com/espanol/master-gichin-funakoshi-shotokai-karate-budo/">Maestro Funakoshi</a> estudió bajo la tutela del Maestro Azato, que se consideraba uno de los más grandes expertos de karate en su tiempo, fue su único estudiante; cuando entrenó con el Maestro Itosu, habían muy pocos otros estudiantes.</span></p>
<p><span style="font-family: Verdana, Arial, Helvetica, sans-serif, 'Courier New';">No fue hasta que el Maestro Funakoshi llegó a Tokyo, que se empezó a utilizar el término karate-do por sus estudiantes y por él. El término karate-do, creado por el Maestro Funakoshi, está formado por tres ideogramas, el primero kara, significa: vacío, lo que implica autodefensa con las manos vacías, sin armas y tiene además un significado más profundo (glosario), el segundo te, significa mano y finalmente do,que significa vía, camino filosófico.</span></p>
<p><span style="font-family: Verdana, Arial, Helvetica, sans-serif, 'Courier New';">En 1891 ó 1892, según el Maestro Funakoshi, un profesor de escuela comenzó a enseñar karate a sus alumnos (que en esos días eran de mayor edad). Cuando llegó el tiempo de reclutamiento se observó inmediatamente que aquellos que entrenaban karate estaban en mejor estado físico que otros. Posteriormente el maestro Itosu fue invitado a atender una reunión de directores de escuela y hacer una demostración con sus estudiantes. Quedaron muy impresionados y prontamente se incorporó karate en el programa de educación física de dos de las mayores escuelas secundarias en Okinawa.</span></p>
<p><span style="font-family: Verdana, Arial, Helvetica, sans-serif, 'Courier New';">En mayo del año 1922, el Ministerio de Educación de Japón realizó la Primera Exhibición de Atletismo. El Maestro Funakoshi, como presidente de la Asociación de Artes Marciales Okinawenses, fue invitado a participar y mostrar las artes marciales locales a Japón (las islas principales). El maestro preparó material y partió a Japón. Luego de la exhibición, se vio forzado a quedarse por todo el interés mostrado, inicialmente de Kano Jigoro, el gran Maestro de judo, ante el cual, junto con cerca de cien judokas, realizó demostraciones. Este fue el comienzo de una gran cantidad de actividades en Tokyo, que le impidieron volver a Okinawa por mucho tiempo. Así quedó establecido el comienzo del Karate-do, creado a través de la fusión de las artes marciales Okinawenses y la filosofía Budo de las artes marciales japonesas propiamente tales, como el kyudo, arte de tiro con arco. En lo años posteriores a la llegada del Maestro Funakoshi a Tokyo, se formaron diferentes estilos, algunos de los cuales fueron introducidos por otros maestros de Okinawa. Cada uno utilizaba sus propias técnicas, kata y métodos de entrenamiento que eran guardados celosamente en secreto. La rivalidad entre los grupos fue intensa y la proliferación de estilos ocasionó que el karate fuese fraccionado en forma muy notoria.</span>[/vc_column_text][/vc_column][/vc_row][vc_row][vc_column][vc_column_text]<a href="https://shotokai.com/espanol/historia-del-karate-parte-3/"><br />
<span style="font-family: Arial, Helvetica, sans-serif;">Continuar a la 3ra parte &gt;&gt;</span></a>[/vc_column_text][/vc_column][/vc_row]</p>

<p>[vc_row][vc_column][vc_column_text] &nbsp; Historia del Karate Incluye historia del Karate-do de O-sensei Gichin Funakoshi &nbsp; Parte 2 de 3 [/vc_column_text][/vc_column][/vc_row][vc_row][vc_column width=&#8221;2/3&#8243;][vc_column_text]Con la prohibición de las armas, la<span class="excerpt-hellip"> […]</span></p>
